 5*w + 9 = -2*r + 24. Let l be (6 - (13 - w)) + 2*-5. Calculate o(l).
-14
Let l(a) be the third derivative of 1/60*a**5 - 7/24*a**4 + 0 + 0*a - 5/3*a**3 - 25*a**2. Calculate l(7).
-10
Let c(h) = -h - 2. Let k = 288 + -278. Let u be 6/k*1*(-2 + 12). What is c(u)?
-8
Let n(p) = -3. Let u(x) = -6*x - 26. Let j(o) = 10*n(o) - u(o). Let l(q) = q**3 + q**2 - 2*q + 5. Let v be l(0). What is j(v)?
26
Let r(u) be the third derivative of 0 + 10/3*u**3 + 0*u + 1/12*u**4 - 55*u**2. What is r(-14)?
-8
Suppose 12*l + 26*l + 594 = -28*l. Let f(h) = h**3 + 8*h**2 + 9*h - 7. What is f(l)?
-169
Let z(a) = a**2 + 3*a - 10. Let f be z(-4). Let n(h) be the third derivative of 1/120*h**6 + 0*h - 1/3*h**3 + 0 - 5/24*h**4 + 1/12*h**5 - 9*h**2. Give n(f).
-8
Let c be (-2626)/606 - (-9)/2. Let k(n) be the second derivative of 30*n + 0 + c*n**3 + 2*n**2. What is k(-7)?
-3
Suppose -2*n + 19 - 37 = 0. Let u be n - (4/(-2) + -2) - -15. Let p(z) = -z**2 + 11*z - 4. What is p(u)?
6
Let r(n) = 21*n**2 - 1. Let o be r(1). Suppose 0 = -599*a + 306*a + 308*a - 45. Let k be (-20)/a*(o/16 - 2). Let f(t) = t**2 - 3*t + 1. Calculate f(k).
11
Let b(s) = -10*s - 85. Let g = -13487 + 13475. What is b(g)?
35
Let p(u) be the first derivative of u**4/4 + 14*u**3/3 + 7*u**2/2 + 3*u - 2085. Determine p(-14).
-95
Let p(f) = f + 10. Let u = -54 + 17. Let q = -34 - u. Let h = -4 - q. Calculate p(h).
3
Let o(p) be the third derivative of -p**5/120 + p**4/8 + 117*p**3/2 + 241*p**2. Let f(i) be the first derivative of o(i). Determine f(2).
1
Let y(k) = 4*k + 3. Let d(o) = 12 - 47*o**2 - 6*o + 9*o + 42*o**2 - o**3. Suppose -2*p - 8 = 0, -2*u = 3*p + 2 + 20. Let n be d(u). Calculate y(n).
-9
Let u(n) = 147 + 26 + 1400*n**2 + 1403*n**2 + 79 + 34*n - 2802*n**2. Determine u(-11).
-1
Let a(w) = -40 - 45 + w + 2*w**3 + 86. Calculate a(2).
19
Let c(l) = -3*l - 3 - 6*l + 12*l + 0*l - l. Calculate c(12).
21
Let x(z) = -10*z**2 - 17*z - 1. Let u(f) = 14*f**2 + 16*f - 1. Let m(i) = 3*u(i) + 4*x(i). Let j(k) = -3*k - 23. Let d be j(-11). What is m(d)?
-7
Let u = -2611 - -2609. Let v(q) = 12*q**2 + 3*q. Determine v(u).
42
Let j(t) = 134*t + 129. Let f(o) = -56*o - 64. Let x(y) = -7*f(y) - 3*j(y). Determine x(7).
-9
Let x(j) = j**2 + 22*j + 114. Let g(n) = 3*n**2 - 35*n + 8. Let o be g(11). Let a be x(o). Let b(w) = -2*w**3 + w**2 + 2*w - 3. Give b(a).
-11
Let t be (-21)/(-7)*(-1 + 2). Let s(q) = 0*q**3 - 12*q**3 + 11*q**t - 3*q**2. Let o(z) = -2*z + 7. Let k be o(5). Give s(k).
0
Let n(m) = 3*m**3 + 3*m**2 - m - 3. Let c be n(1). Let x(h) = 55 - 116 - c*h + 60. Determine x(-5).
9
Let t(h) = -h - 2*h - 32 + 17 + 6. Calculate t(-4).
3
Let w(z) = z**3 + 80*z**2 + 303*z - 82. Suppose 29*j + 365 = -5*c + 26*j, -2*j - 66 = c. Determine w(c).
-6
Let t(w) = -2*w**2 - 228*w - 665. Let d be t(-111). Let n(r) = 8*r**2 - 10*r**2 - 12*r**2 - 1. Calculate n(d).
-15
Suppose 11*a = -22*a + 3432. Let c(i) = i**2 - 111*i + 3 + a*i - 2*i**2. Calculate c(-7).
3
Let z(b) = -10*b**3 + 5*b**2 + 7*b + 1. Let y(r) = 8*r**3 - 4*r**2 - 6*r. Let u(w) = 4*y(w) + 3*z(w). What is u(1)?
1
Let c(q) be the third derivative of -q**5/60 - 17*q**4/12 - 62*q**3/3 + 1229*q**2 - 3*q. What is c(-30)?
-4
Let g(u) = u**2 + 7*u + 8. Suppose -5*l - 157 = 2*o + 120, 2*o - 293 = 5*l. Let x = -64 - l. Calculate g(x).
8
Suppose 5496*d - 5481*d - 65 + 200 = 0. Let g(t) = t**2 + t - 70. Determine g(d).
2
Let k(u) = -u**3 + 25*u**2 + 83*u + 2. Let q(w) = 30*w**2 + 173*w - 14. Let j be q(-6). What is k(j)?
-26
Let g be (6/15)/((-1)/(-5)). Suppose 4*q = -4*x - 41 + 9, g*x - 4 = 2*q. Let l(o) = -8*o - 14*o**2 + 12*o**2 - 4 + 0*o + 0*o. Give l(q).
-14
Suppose -2*c = -5*c + 15. Suppose c*p + 310 = 3*b + 9*p, -4*b = -2*p - 406. Let j = 94 - b. Let v(f) = -f**3 - 8*f**2 - f - 7. Determine v(j).
1
Let h(t) be the second derivative of -2*t**3/3 - 2*t**2 - 214*t. Let q(x) = -9*x**2 - 3*x - 2. Let l be q(-1). Let f be ((-24)/2)/(l - -6). Determine h(f).
-28
Let d(k) = k**3 - 15*k**2 - 119*k + 1787. Let q be d(15). Let x(l) = -l**3 + 3*l**2 - 5*l - 2. Calculate x(q).
-8
Let x = 137 + -94. Let v = 51 - x. Let h(b) = 9*b**2 - b**3 + 0*b + 11 + b - b**2. What is h(v)?
19
Let f(j) = -5*j + 26. Let k = 3718 + -3713. Determine f(k).
1
Let q(d) = -d + 11. Suppose -13*g + 158 = 41. Let i be q(g). Suppose -3*a + 1 = -5*n + i, 0 = -n - 4. Let l(f) = -f**2 - 6*f + 4. Determine l(a).
-3
Let j be 49/1 - 8/4. Let c = j - 34. Suppose 3*f = 2*d - 7, -3*f - 2*d - 2*d - c = 0. Let p(i) = -4*i - 2. Give p(f).
10
Let m(x) = -x**2 - 5*x - 2. Suppose 5*p = 82 - 17. Suppose p*k - 1106 = -352. Let q = 52 - k. What is m(q)?
-8
Let h(g) = 7*g**2 - 140*g - 45. Let w(u) = -16*u**2 + 311*u + 90. Let n(y) = -9*h(y) - 4*w(y). Determine n(-7).
-18
Let c(p) be the first derivative of -4*p**2 + 39*p - 1049. Calculate c(6).
-9
Let p(n) = 7*n**2 + 4*n + 1. Let o(b) = -b**2 - b - 1. Let v(q) = 5*o(q) + p(q). Suppose -7 = -3*u + 2. What is v(u)?
11
Let z(c) = 3*c**2 - 4*c - 9. Let b(t) = 14*t**2 - 15*t - 38. Suppose -10*w - 4 = o - 9*w, o = -2*w - 6. Let v(g) = o*b(g) + 9*z(g). What is v(-5)?
0
Suppose -167*k + 20*k + 2244 = -15*k. Let w(u) = -2*u + 52. Determine w(k).
18
Let f(x) = 7*x**2 + 3*x + 9. Let q(w) = -7*w**2 - 3*w - 8. Let b(o) = -6*f(o) - 7*q(o). Suppose -5*j = -2*s - 12, 13 = 5*j + 3. Determine b(s).
6
Let t = -7 + 12. Suppose -5*i = 3*f - 10, 18*f - 15*f = -4*i + 11. Let g be ((-76)/95)/(i/t). Let n(r) = -2*r**2 + 6*r. Determine n(g).
-8
Suppose 204*z - 208*z - 12 = l, -4*l = -2*z - 24. Let c(k) = 7*k**2 + 27*k. What is c(z)?
4
Let v(h) = -9*h**3 - 8*h**2 - 10*h - 5. Let t be v(-4). Let k = -476 + t. Let a(r) = -r**2 + 4*r - 3. Give a(k).
-24
Let j(m) be the second derivative of -m**5/20 + m**3/3 + 2*m**2 - 5484*m. Determine j(-5).
119
Let k = 151 + -139. Suppose -3*i + 30 = 3*g, -k*g + 28 = -8*g + i. Let o(c) = c**2 - 8*c + 4. What is o(g)?
-8
Let f(t) = t**3 - 7*t**2 + 21*t - 46. Let r be -5*1 - (-17 + 44 + -36). What is f(r)?
-10
Let d be 2/40*(2808/81 - 33). Let r(x) be the second derivative of 9*x + 0 + 1/6*x**3 - d*x**4 + 2*x**2. What is r(-3)?
-8
Let s(g) = -7*g**3 - 9*g**2 - 24*g - 34. Let z(m) = 3*m**3 + 5*m**2 + 10*m + 18. Let y(q) = -2*s(q) - 5*z(q). What is y(-7)?
-8
Let g(h) be the second derivative of 17 + 4*h - 5/2*h**2 - 1/12*h**4 - 4/3*h**3. Calculate g(-7).
2
Let m(n) = 8*n + 3. Let t(z) = 3*z + 2. Let p(c) = m(c) + 2*t(c). Calculate p(-1).
-7
Let y(p) = -2*p**3 + 77*p**2 + 3*p - 36. Let u(j) = -j**3 + 29*j**2 + 2*j - 18. Let f(d) = 5*u(d) - 2*y(d). Give f(-10).
42
Let a = -417 - -424. Let p(i) = -i**2 + 10*i - 31. Give p(a).
-10
Let z(o) = o**3 - 2*o**2 - 13*o + 4. Suppose -408 = 2*a + 2*y, -8*a + 4*a - 2*y = 810. Let f = a - -206. Determine z(f).
14
Let j be (42/(-9) + 5)*(-13 + 46). Let k(x) = x**2 - 7*x - 5. Calculate k(j).
39
Let w(v) = 2*v**2 - 10*v - 24. Let y be w(7). Let i(c) = 4*c + 6*c - 15*c + y*c. What is i(2)?
-2
Let q(g) be the third derivative of g**8/6720 - g**7/1260 - g**5/60 - 247*g**4/24 + 2*g**2 + 50. Let a(c) be the second derivative of q(c). Determine a(-2).
-18
Suppose 26*c + 73*c + 55 + 143 = 0. Let x(n) = -17*n - 10. What is x(c)?
24
Let n(v) = -v**2 + 7*v - 5. Suppose 18 = -142*p + 145*p. Suppose 10 = -4*m + p*m. Give n(m).
5
Let w(g) = -g**2 + 5*g + 69. Suppose 6 = 2*s, 2*l = -7*s + 6*s + 25. What is w(l)?
3
Let c(h) = 3*h**2 - 12. Suppose 28715*z - 145 = 28686*z. What is c(z)?
63
Suppose 3*s + 560 = -s. Let n be 1/(-6) - s/(-24). Let o(p) = 9 + 53*p**3 + 45*p**3 - 99*p**3 - 6*p**2 + 2*p. Calculate o(n).
-3
Let m(p) = -4*p**2 + 4*p + 1 + 2 + 8*p**2 + p**3 - 3*p**2. Let n(k) = -k**3 + 5*k**2 + 17*k - 14. Let y be n(7). Let q be 7 - 2 - (y + 0). What is m(q)?
-9
Let g(b) = -b**3 - 3*b**2 - 5*b - 5. Let j be g(-3). Suppose -j = -14*z + 32. Let y(f) = f**2 - 2*f + 1. What is y(z)?
4
Let o(w) = w**2 + 8*w - 8. Let b = 4492 - 4502. Determine o(b).
12
Let a(s) = -8 + 0 + 363*s**2 - 738*s**2 + 2*s**3 - 1 + 2*s + 359*s**2. What is a(8)?
7
Let f(b) = -8*b + 1. Suppose 4*q - 9*q = 20. Let u(o) = -3*o**2 - 2*o + 4. Let n be u(q). Let p be -2 + 14/18 - 8/n. Calculate f(p).
9
Let s(g) be the first derivative of 4*g**3/3 - 5*g**2/2 - 8*g - 3. Let r = 39 - 33. Let h(z) = -3*z**2 + 5*z + 7. Let b(j) = r*h(j) + 5*s(j). Calculate b(-3).
5
Suppose -2*t = -4*w + 12, 